{"id":38553,"date":"2024-08-11T20:53:00","date_gmt":"2024-08-12T00:53:00","guid":{"rendered":"https:\/\/elitegraphicdesign.com\/?post_type=product&#038;p=38553"},"modified":"2025-12-13T18:30:42","modified_gmt":"2025-12-13T23:30:42","slug":"cadre-photo-de-remise-de-diplome-personnalises-4","status":"publish","type":"product","link":"https:\/\/elitegraphicdesign.com\/fr\/product\/cadre-photo-de-remise-de-diplome-personnalises-4\/","title":{"rendered":"Cadre photo de remise de dipl\u00f4me personnalis\u00e9s"},"content":{"rendered":"<h1>Cadre photo de remise de dipl\u00f4me personnalis\u00e9s<\/h1>\n<p>Am\u00e9liorez vos souvenirs sp\u00e9ciaux avec nos cadres photo en bois d\u00e9coup\u00e9s au laser personnalis\u00e9s. Fabriqu\u00e9s en bois de qualit\u00e9 sup\u00e9rieure, ces cadres pr\u00e9sentent des designs d\u00e9taill\u00e9s qui ajoutent une touche unique de style. Personnalisez-les avec des noms, des dates ou des messages pour cr\u00e9er un souvenir unique, id\u00e9al pour toutes les occasions ou les photos de famille. Disponibles en diff\u00e9rentes finitions et tailles, nos cadres allient \u00e9l\u00e9gance et touche personnelle, ce qui les rend parfaits pour les cadeaux ou la d\u00e9coration int\u00e9rieure. C\u00e9l\u00e9brez vos moments avec un cadre qui combine art et personnalisation, transformant vos photos pr\u00e9f\u00e9r\u00e9es en pi\u00e8ces pr\u00e9cieuses. Adoptez le charme des cadres d\u00e9coup\u00e9s au laser personnalis\u00e9s et gardez vos souvenirs vivants pour toujours.<\/p>\n<ul>\n<li>Cadre en bois personnalis\u00e9<\/li>\n<li>Article fait main<\/li>\n<li>Le grainage peut appara\u00eetre l\u00e9g\u00e8rement diff\u00e9rent dans chaque article<\/li>\n<li>D\u00e9coupe et gravure au laser<\/li>\n<li>La livraison n&rsquo;est pas incluse dans le prix<\/li>\n<li>Taille de l&rsquo;image 4&Prime;x6&Prime; (10,1 cm x 15,25 cm)<\/li>\n<li>Plusieurs couches<\/li>\n<li>Cadre personnalis\u00e9<\/li>\n<\/ul>\n<p><span style=\"font-size: 110%;\"><strong>Dimensions du cadre :<\/strong><\/span><\/p>\n<ul>\n<li>9&Prime;x8&Prime;x2.25&Prime; (22.9cmx20.3cmx5.75cm)<\/li>\n<\/ul>\n<p><span style=\"font-size: 110%;\"><strong>\u00c9paisseur du bois :<\/strong><\/span><\/p>\n<ul>\n<li>3 mm (1\/8 inch)  6mm (1\/4 inch)<\/li>\n<\/ul>\n<p><strong>Couleur du bois disponible :<\/strong><\/p>\n<p><a href=\"https:\/\/elitegraphicdesign.com\/wp-content\/uploads\/2024\/08\/Wood-Color.jpg\"><img decoding=\"async\" class=\" wp-image-38393 alignnone\" src=\"https:\/\/elitegraphicdesign.com\/wp-content\/uploads\/2024\/08\/Wood-Color.jpg\" alt=\"\" width=\"364\" height=\"94\" title=\"\" srcset=\"https:\/\/elitegraphicdesign.com\/wp-content\/uploads\/2024\/08\/Wood-Color.jpg 597w, https:\/\/elitegraphicdesign.com\/wp-content\/uploads\/2024\/08\/Wood-Color-300x77.jpg 300w, https:\/\/elitegraphicdesign.com\/wp-content\/uploads\/2024\/08\/Wood-Color-510x132.jpg 510w\" sizes=\"(max-width: 364px) 100vw, 364px\" \/><\/a><\/p>\n<p>Besoin d&rsquo;une taille ou d&rsquo;une quantit\u00e9 diff\u00e9rente ? Contactez-nous! Tous nos projets sont personnalisables selon vos sp\u00e9cifications. <a href=\"mailto:info@elitegraphicdesign.com\">info@elitegraphicdesign.com<\/a><\/p>\n","protected":false},"excerpt":{"rendered":"<p>Cadeaux de Cadres Photo de Dipl\u00f4me Personnalis\u00e9s. Cr\u00e9ez un souvenir unique avec nos cadres photo en bois personnalis\u00e9s, orn\u00e9s de d\u00e9coupes au laser \u00e9l\u00e9gantes.<\/p>\n","protected":false},"featured_media":38426,"comment_status":"closed","ping_status":"closed","template":"","meta":{"_acf_changed":false},"product_brand":[],"product_cat":[3586,3841,1772],"product_tag":[1098,1094,1783,1095,1096],"class_list":{"0":"post-38553","1":"product","2":"type-product","3":"status-publish","4":"has-post-thumbnail","6":"product_cat-diplomee","7":"product_cat-cadeau-express","8":"product_cat-cadres-photos","9":"product_tag-bois","10":"product_tag-cadeau","11":"product_tag-cadres","12":"product_tag-gravure","13":"product_tag-laser-fr","15":"first","16":"instock","17":"sale","18":"taxable","19":"shipping-taxable","20":"purchasable","21":"product-type-variable"},"acf":[],"_links":{"self":[{"href":"https:\/\/elitegraphicdesign.com\/fr\/wp-json\/wp\/v2\/product\/38553","targetHints":{"allow":["GET"]}}],"collection":[{"href":"https:\/\/elitegraphicdesign.com\/fr\/wp-json\/wp\/v2\/product"}],"about":[{"href":"https:\/\/elitegraphicdesign.com\/fr\/wp-json\/wp\/v2\/types\/product"}],"replies":[{"embeddable":true,"href":"https:\/\/elitegraphicdesign.com\/fr\/wp-json\/wp\/v2\/comments?post=38553"}],"wp:featuredmedia":[{"embeddable":true,"href":"https:\/\/elitegraphicdesign.com\/fr\/wp-json\/wp\/v2\/media\/38426"}],"wp:attachment":[{"href":"https:\/\/elitegraphicdesign.com\/fr\/wp-json\/wp\/v2\/media?parent=38553"}],"wp:term":[{"taxonomy":"product_brand","embeddable":true,"href":"https:\/\/elitegraphicdesign.com\/fr\/wp-json\/wp\/v2\/product_brand?post=38553"},{"taxonomy":"product_cat","embeddable":true,"href":"https:\/\/elitegraphicdesign.com\/fr\/wp-json\/wp\/v2\/product_cat?post=38553"},{"taxonomy":"product_tag","embeddable":true,"href":"https:\/\/elitegraphicdesign.com\/fr\/wp-json\/wp\/v2\/product_tag?post=38553"}],"curies":[{"name":"wp","href":"https:\/\/api.w.org\/{rel}","templated":true}]}}

Cadre photo de remise de diplôme personnalisés

<h1>Cadre photo de remise de diplôme personnalisés</h1>
<p>Améliorez vos souvenirs spéciaux avec nos cadres photo en bois découpés au laser personnalisés. Fabriqués en bois de qualité supérieure, ces cadres présentent des designs détaillés qui ajoutent une touche unique de style. Personnalisez-les avec des noms, des dates ou des messages pour créer un souvenir unique, idéal pour toutes les occasions ou les photos de famille. Disponibles en différentes finitions et tailles, nos cadres allient élégance et touche personnelle, ce qui les rend parfaits pour les cadeaux ou la décoration intérieure. Célébrez vos moments avec un cadre qui combine art et personnalisation, transformant vos photos préférées en pièces précieuses. Adoptez le charme des cadres découpés au laser personnalisés et gardez vos souvenirs vivants pour toujours.</p>
<ul>
<li>Cadre en bois personnalisé</li>
<li>Article fait main</li>
<li>Le grainage peut apparaître légèrement différent dans chaque article</li>
<li>Découpe et gravure au laser</li>
<li>La livraison n&rsquo;est pas incluse dans le prix</li>
<li>Taille de l&rsquo;image 4&Prime;x6&Prime; (10,1 cm x 15,25 cm)</li>
<li>Plusieurs couches</li>
<li>Cadre personnalisé</li>
</ul>
<p><span style="font-size: 110%;"><strong>Dimensions du cadre :</strong></span></p>
<ul>
<li>9&Prime;x8&Prime;x2.25&Prime; (22.9cmx20.3cmx5.75cm)</li>
</ul>
<p><span style="font-size: 110%;"><strong>Épaisseur du bois :</strong></span></p>
<ul>
<li>3 mm (1/8 inch)  6mm (1/4 inch)</li>
</ul>
<p><strong>Couleur du bois disponible :</strong></p>
<p><a href="https://elitegraphicdesign.com/wp-content/uploads/2024/08/Wood-Color.jpg"><img decoding="async" class=" wp-image-38393 alignnone" src="https://elitegraphicdesign.com/wp-content/uploads/2024/08/Wood-Color.jpg" alt="" width="364" height="94" title="" srcset="https://elitegraphicdesign.com/wp-content/uploads/2024/08/Wood-Color.jpg 597w, https://elitegraphicdesign.com/wp-content/uploads/2024/08/Wood-Color-300x77.jpg 300w, https://elitegraphicdesign.com/wp-content/uploads/2024/08/Wood-Color-510x132.jpg 510w" sizes="(max-width: 364px) 100vw, 364px" /></a></p>
<p>Besoin d&rsquo;une taille ou d&rsquo;une quantité différente ? Contactez-nous! Tous nos projets sont personnalisables selon vos spécifications. <a href="mailto:info@elitegraphicdesign.com">info@elitegraphicdesign.com</a></p>

<p>Cadeaux de Cadres Photo de Diplôme Personnalisés. Créez un souvenir unique avec nos cadres photo en bois personnalisés, ornés de découpes au laser élégantes.</p>
